se 44*l - 945 + 872 = 1379. Suppose 0 = -v*w + l*w - 13535. Is w prime?
True
Suppose 14*k = 5*k + 1350711. Is k composite?
True
Suppose 8*t - 50551969 = -203*t + 1465650. Is t a composite number?
True
Let p(x) = 19*x**2 - 447*x + 75. Is p(64) a composite number?
True
Let p(v) = -16*v**3 - 2*v**2 + 11*v + 7. Let a be p(-10). Suppose 11*i - a = -3498. Is i prime?
True
Let n(c) be the third derivative of -39*c**4/4 + 71*c**3/6 + c**2 - 17. Is n(-10) a composite number?
False
Let r be (7 - 2 - 5) + 3. Suppose -2*o - f = f - 1666, -2*o - f + 1667 = 0. Suppose -2*p + r*p = -g + o, 5*p + 4140 = 5*g. Is g a prime number?
False
Let o(t) be the third derivative of 11*t**5/10 + t**4/24 + t**3/3 + 31*t**2 - 12. Let g be -2 - (0 + (1 - 8)). Is o(g) a composite number?
False
Suppose 0 = h + 7*r - 19675, 3*h - 184*r + 179*r - 58973 = 0. Is h a composite number?
False
Suppose -21216634 = -45*j + 16956001 - 12546170. Is j prime?
False
Let u = -23500 + 65691. Is u composite?
True
Suppose a + 4*n = 4*a + 3, 3*n - 6 = a. Suppose -2*o - o + 9 = a*d, 3*o - 12 = 0. Is d/(-4) + ((-38836)/(-16))/7 a prime number?
True
Let a(j) = -151*j**2 + j + 51. Let k(g) = -151*g**2 + 5*g + 52. Let r(l) = -5*a(l) + 4*k(l). Is r(-9) a composite number?
False
Suppose 32*c + 16116719 = 15*c + 120*c. Is c a prime number?
False
Suppose -61606 = 12*l - 224638. Suppose -4*h - 3*q - 14616 = -41843, 0 = -2*h + 4*q + l. Is h composite?
False
Let t(n) = -1104*n - 631. Is t(-42) prime?
True
Let d = 168 + -66. Let m be ((-153)/d)/(1/4 - 1). Suppose 0 = -m*n + 5*n - 102. Is n a prime number?
False
Suppose 0 = 6*f - 11*f + 265. Suppose -3*q = 3*z - 15612, 48*q - f*q + 26047 = -4*z. Is q a prime number?
False
Suppose d - c = 38669, 5*d + 26*c - 193345 = 24*c. Is d composite?
False
Let l(i) = 5 - 13 - 10 + 112*i. Let a = 16 + -11. Is l(a) a composite number?
True
Let b = 715506 - 352813. Is b a prime number?
True
Let g be -2 + 16/(16/4). Let o(l) = -1 - 5 - 39*l + g. Is o(-9) prime?
True
Suppose -8*d + 189749 = -3*x, -x + 5*x = -4*d + 94880. Is d a composite number?
False
Suppose -2*b + 1046 = d - 8925, -d = -4*b + 19957. Suppose -5*c + b = 3*q, q + c - 2113 = -447. Is q a composite number?
True
Let y = -881293 - -1666470. Is y a composite number?
True
Suppose 91*d - 61*d - 65*d = -7286615. Is d a composite number?
False
Let g = 38 - 30. Let w(c) = c**3 + 6*c**2 - 12*c + 6. Let s be w(g). Suppose 4*d = -2*x + s, -5*d + 3*d + 415 = -3*x. Is d composite?
True
Let l(z) = -z**2 + z - 1. Let w(j) = -4*j**2 - 2*j - 380. Let v(o) = l(o) - w(o). Is v(0) a prime number?
True
Suppose 41*w - 7441445 = -14*w. Is w a composite number?
True
Let l be 1100 + -2 + 4 + -7. Suppose 4*k = -5*o + 3*k + l, 238 = o + 4*k. Let p = o - -303. Is p a prime number?
True
Let m = -240 - -234. Is (-5854)/(-6)*(9 + m - 0) prime?
True
Suppose -3*c = -2*h - 15, -4*h - 7*c + 3*c = 0. Is ((-2)/(-4))/((-7)/(-42101 - h)) a prime number?
False
Let j = -9343 - -31956. Is j prime?
True
Is 4306827/4 - 28/(-1120)*10 composite?
False
Let p = -117 + 131. Let v be (-2)/(-4)*(p - 4). Let n(f) = 3*f**3 - 6*f**2 + 7*f - 3. Is n(v) prime?
True
Is 307077/(2*(-7)/28 + (-14)/(-4)) a composite number?
False
Suppose 149 = 4*y - k, -y + k + 38 = 3. Let n = 42 - y. Suppose -5*f = -h + 93, -256 = -6*h + 4*h - n*f. Is h a composite number?
True
Let y = 1834347 - 977076. Is y a composite number?
True
Suppose -5*y + 1083503 = -1084*k + 1086*k, 0 = -5*y - 5*k + 1083485. Is y a composite number?
False
Let p = -47867 - -84256. Is p composite?
False
Suppose 30*p + 5715 = 33*p. Let l = 6766 - p. Is l composite?
False
Let q = -244 + 127. Let c = 117 + q. Suppose -2*z - 6 = c, 0*z - 8791 = -5*b + 2*z. Is b prime?
False
Let z(r) = r**3 - r**2 + 32*r + 4. Let l be z(0). Suppose -u - 1480 = -16*b + 14*b, 0 = -b - l*u + 731. Is b composite?
False
Suppose 0 = -3*j + 2*y - 23, -j = 4*y - 2*y + 13. Is j + 56/(-8) + 3777 a composite number?
False
Let l(m) = 3*m - 16. Let g be 1/((20/(-12))/(-5)). Let a be l(g). Let v(t) = 9*t**2 + 2*t - 8. Is v(a) a prime number?
True
Let g(q) = -q**3 - 18*q**2 + 38*q - 28. Let i be g(-20). Let n = 26 + 209. Let d = n - i. Is d a prime number?
True
Let j(m) be the first derivative of -1173*m**2 - 71*m + 100. Is j(-2) composite?
False
Let n(u) = -141*u - 27. Suppose 15*y - 20 = 11*y. Let h(a) = 71*a + 13. Let k(z) = y*h(z) + 2*n(z). Is k(6) a prime number?
True
Is (-234)/6*63192/(-72) a composite number?
True
Let h(m) be the third derivative of 0*m - 1/8*m**4 + 0 + 2/3*m**3 + 313/15*m**5 - m**2. Is h(1) a composite number?
True
Let m = 145 - 139. Is 1/(m/(-9) + (-55585)/(-83373)) composite?
False
Let u(i) = 84*i**2 + 2*i - 29. Suppose 5*y - 10 = -4*l + 5*l, 2*y = 10. Suppose 27 = 5*g - n, -5*g + 3*n = -2*n - l. Is u(g) a prime number?
False
Let z(m) = -4825*m + 14. Is z(-29) composite?
False
Suppose 4*v = 3*p - 5*p + 6620, 0 = -2*p - 5*v + 6623. Suppose 2*k = 2, p - 855 = 5*m + 4*k. Is m - (24/(-40) - 17/5) prime?
False
Let m(t) = -67*t - 20. Let q(f) = -133*f - 40. Let x(l) = -13*m(l) + 6*q(l). Suppose 2*p - 3*w - 19 = 11, p + 5*w = -11. Is x(p) composite?
False
Suppose 0 = 47*b + 3*b + 28*b - 13008918. Is b a prime number?
True
Let x(o) = 8885*o - 1373. Is x(8) composite?
True
Suppose -n - 397 = o + 22, -4*n + 3*o = 1641. Let b(y) = -y**2 - 319*y - 9385. Let c be b(-32). Let t = c - n. Is t prime?
False
Let b be ((-3)/6)/((-5)/60). Let c = b + -11. Is (c/(125/790))/(1/(-5)) prime?
False
Suppose -91*m = m - 6*m - 19775614. Is m prime?
True
Let s = -1625 - -11946. Is s a prime number?
True
Let f(t) = -t**2 + 9*t - 9. Let d = 21 + -14. Let c be f(d). Suppose -3*a + 230 = -2*v, 4*v + v = -c*a + 350. Is a a composite number?
True
Is (903 - 905)*(1 - (-180321)/(-2)) composite?
True
Let z = 154 - 152. Suppose 27*a - 26*a - 497 = -z*m, -4*a + 1235 = 5*m. Is m a prime number?
True
Suppose v - 735232 = 3*m + 258915, v - 5*m = 994159. Is v a composite number?
True
Let i(z) = 18*z**2 - 9*z + 4. Suppose 2*k - 78 = -5*t, -4*k + 156 = 6*t - 4*t. Let b = 28 - k. Is i(b) prime?
True
Suppose -187 = 2*c - 185. Let j(g) = -2815*g + 4. Is j(c) a composite number?
False
Let d(h) = -17*h - 24*h - 91 + 1139*h**2 - 1136*h**2. Is d(-27) a prime number?
True
Let x(d) = 3*d - 2. Let t(k) = -145*k - 201. Let h(y) = -t(y) - 3*x(y). Is h(22) composite?
True
Suppose 71187 = n + 4*a, 18494 = n - 4*a - 52701. Is n composite?
False
Suppose 322*j = 320*j + p + 38751, -2*j + 4*p = -38766. Is j a composite number?
False
Let x(q) = -14*q**3 - 3*q**2 - 3*q - 3. Let w(i) = -2*i**2 + 24*i - 24. Let s be w(11). Let c be x(s). Let j = c - 16. Is j a composite number?
True
Let c = 253 - 189. Suppose -c*h + 22324 = -60*h. Is h prime?
True
Let d(n) = -7*n - 198*n**2 - 6 + 90*n**2 + 95*n**2. Let c be d(-1). Let l(f) = -f**3 - 5*f**2 + 22*f + 25. Is l(c) a prime number?
True
Let k(d) = -3*d**3 + 6*d**2 + 38*d - 21. Let n be k(-10). Let r = n + -1580. Is r a prime number?
True
Let i(k) = -16*k - 10. Let q be i(-4). Let c be (-41890)/(-8) + q/72. Suppose p + 2*x = 2621, -c = -2*p - 4*x - x. Is p prime?
False
Suppose -60 = -18*m - 24. Is m + -6 - -7424 - (0 - -3) a composite number?
False
Let h = 1024 + 3344. Let z = -2119 + h. Is z composite?
True
Let n(c) = -313*c + 186 + 610*c - 356*c. Is n(-23) composite?
False
Suppose 8 = 8*d - 4*d. Suppose 0 = 5*b + 10*h - 8*h - 20625, 8269 = d*b - 3*h. Is b a prime number?
True
Suppose 4*a = -5*l - 394 + 14, 5*l + 375 = -5*a. Let u = -75 - l. Suppose -f + 7566 = u*f. Is f a prime number?
False
Suppose 2*q - 26733 = 101345. Is q a composite number?
True
Let f(l) = 534*l - 110. Let s be f(-13). Is (3 - (-9 + s)) + 1 + 4 prime?
True
Let y(k) = 11*k**2 + 80*k - 3836. Is y(-103) a prime number?
True
Suppose 4*l - 4*n = 148, 3*l - 5*n = 2*l + 45. Let f be (-42)/(-4)*7740/l. Suppose -q - 521 + f = -5*z, 4*z = 0. Is q composite?
False
Suppose 0*b + 12*b = -36 + 84. Let a = 11 - 6. Suppose -a*w + 4*y + 939 = 0, -3*y - 742 = -b*w + 10. Is w a prime number?
True
Let j(h) = -16*h**2 - 9*h + 13. Let r(z) = z**2 + z - 1. Let b(f) = -j(f) - 2*r(f). Let i(c) be the first derivative of b(c). Is i(4) a prime number?
False
Let i be (3/(-2))/(4/(-1160)*5). Suppose 0 = -i*v + 78*v + 142137. Is v a prime number?
False
Let j(y) be the first derivative of 10*y**3 + 2*